 Suppose 4*q - b - 11 = 0. What is the units digit of q?
6
Suppose -3*z = z - 12. Suppose 16 = 2*i - 4*j, 5*i + 2*j = -j + 1. Suppose -i*s = -s - z. What is the units digit of s?
3
Let p = -14 - -23. What is the units digit of p?
9
What is the hundreds digit of 119 + (-2 - ((2 - 3) + 2))?
1
Suppose -2*k = 2*s + 6, -3*k + s + 1 = -2. Suppose k = -x + 2, -2*x = 2*o - 2 - 16. Let h = o + -4. What is the units digit of h?
3
Suppose -4*v + 151 + 13 = 0. What is the tens digit of v?
4
Suppose -245 = -2*v - 3*v. What is the units digit of v?
9
Let c(n) = 2*n**2 + 3*n - 1. Let l = -11 + 16. Let g be ((-3)/(-2))/(l/(-10)). What is the units digit of c(g)?
8
Let f = 2 + 2. Suppose 5*i = 0, -2*i + 8 = f*c - 3*i. What is the units digit of (-6)/8*(-2 - c)?
3
Let r = -4 + 2. Let s(b) = -2*b**2 - 3*b - 1. Let k be s(r). What is the units digit of (-5)/(-3) - 1/k?
2
Suppose 6*r + r - 1309 = 0. What is the hundreds digit of r?
1
Suppose -22 = -4*z - 2. Suppose -114 = -z*w - x, -5*w + 5*x = -86 - 34. What is the tens digit of w?
2
Let g(o) = -7*o**2 - 2*o + 6. Let h(p) = 3*p**2 + p - 3. Let d(x) = -2*g(x) - 5*h(x). What is the units digit of d(0)?
3
Let x = 6 - 1. Suppose -3*w + x = -58. Let s = w + -11. What is the tens digit of s?
1
Suppose b + 5*n = -24, 3*n = -b - b - 55. Let r = b - -49. What is the units digit of r?
0
Suppose -4*z + 8 = 3*t + 4, 0 = -2*t - 4*z. Suppose 0 = 2*w + 4*x - 26, -14 = -5*w - t*x + 21. Suppose w*o - 1 - 41 = 0. What is the tens digit of o?
1
Suppose 2*z - 6*l + l - 43 = 0, 5*l - 11 = -4*z. Suppose 2*s = -4*c + 58, 4*s = -11 - z. What is the units digit of c?
7
Suppose -3*j + 133 = -23. Let m be 1 + 3/(-6)*2. Suppose 4*f + 4*b - j = m, 4*f = b + b + 28. What is the units digit of f?
9
Let n = -39 + 71. What is the tens digit of n?
3
Suppose -3*p = -2*v + 89 - 300, -85 = -p - 3*v. What is the tens digit of p?
7
Let q(b) = b**3 + 7*b**2 - 2*b + 10. What is the tens digit of q(-7)?
2
Let d(b) = 1. Let p(r) = r - 14. Let q(v) = 4*d(v) + p(v). What is the units digit of q(12)?
2
Let p(f) = f + 2. Let z(a) = -a**2 + 7*a - 4. Let b be z(6). Let u be p(b). Suppose -n = -3*x + 6*x - u, 5*x - 4 = n. What is the units digit of n?
1
Let b(d) = -d**3 - 2*d**2 - 3*d - 2. Let k be b(-2). Suppose 3*i - m = 1, -k*m + 2 = 6. Let f(l) = -l + 2. What is the units digit of f(i)?
2
Suppose 0 = 5*t - 35 - 75. What is the units digit of t?
2
Let l = 12 + 3. What is the tens digit of (66/l)/(4/10)?
1
Suppose -3*s = -2*m - 84, -2*s - s + 5*m + 75 = 0. Let x = 50 - s. What is the units digit of x?
0
Suppose -5*x = 2*j - 26, -3*x = -0*x + 5*j - 8. Let r(n) = -n**2 + 7*n - 4. Let i be r(x). What is the units digit of i*2/((-12)/(-21))?
7
Suppose -5*y + 15 = -40. What is the units digit of y?
1
Let a = -110 + 173. What is the tens digit of a?
6
Suppose 5*f + 5*h = 41 - 16, -f = -4*h - 10. What is the units digit of f/(-10) + (-172)/(-20)?
8
Let i = 11 + 13. What is the units digit of i?
4
Suppose 342 = -9*z + 11*z. What is the units digit of z?
1
Suppose 0 = 3*o + 8*o - 1199. What is the tens digit of o?
0
Let s = -425 - -674. What is the hundreds digit of s?
2
Suppose -3*d + 5*q - 17 = d, 2*d + 1 = 5*q. Let w(t) = -t**2 - 9*t + 7. Let v be w(d). Let n = v - 4. What is the units digit of n?
1
Let r(b) = -3*b**3 + 6*b**3 - 5 - 6*b**2 + 0*b**3 + 8*b - 2*b**3. What is the units digit of r(5)?
0
Let u be (2 - 3 - 0)*2. What is the units digit of u/(-6) - (-56)/12?
5
Let u(f) = -4*f + 4. Let i be u(2). Let y(w) = -2*w**3 - 5*w**2 + w + 2. What is the units digit of y(i)?
6
Let d(r) = -4*r - 1. Let c be d(-6). Suppose 4*x + 0*u = -u + 9, 4*u - c = -3*x. What is the units digit of x?
1
Let o(w) be the third derivative of w**5/60 + w**4/24 - w**3/2 - w**2. Let p = -11 - -8. What is the units digit of o(p)?
3
Suppose -4*t + 0 + 4 = 0. Suppose d + t - 4 = 0. Suppose d*n - 10 = 2*n. What is the units digit of n?
0
Suppose -66 + 3 = -3*u. Let d = 42 - u. What is the units digit of d?
1
Let v be (-14)/(-4) + (-1)/2. Let x = 7 - v. What is the units digit of x?
4
Suppose 4*c + c + m - 54 = 0, 4*c - m - 45 = 0. What is the units digit of c/((-3)/(3*-1))?
1
Let y = 14 + 1. Suppose -4*l = y + 1. Let s = 13 + l. What is the units digit of s?
9
Let g(m) be the third derivative of -m**5/60 + 11*m**4/24 + m**3/6 + 3*m**2. What is the tens digit of g(10)?
1
Let r be 5/30 - 17/(-6). Let k = 6 - r. Suppose 2*o + 3*j = -k*o + 55, -2*o = -4*j - 22. What is the tens digit of o?
1
Suppose -4*z + m - 6*m = -114, 5*z - 140 = -5*m. Suppose 4*g - 34 - 34 = -3*t, -3*g + z = t. What is the units digit of t?
0
Let x be ((-595)/70)/(((-6)/(-4))/3). Suppose 0 = -2*m - 7 - 65. Let c = x - m. What is the tens digit of c?
1
Let g(j) = -j**3 - 8*j**2 + 2*j + 13. Let p be g(-9). Suppose -4*l = -p + 12. Let n = l + -11. What is the units digit of n?
5
Suppose 61 + 24 = 5*r. What is the units digit of r?
7
Suppose -3*f = f - 920. What is the hundreds digit of f?
2
Suppose 2*y + 453 = 5*y. What is the tens digit of y?
5
Let j = 459 + -294. What is the units digit of j?
5
What is the units digit of (9 - 6)*74/6?
7
Suppose 5*z + 3*b = -b - 226, 4*b - 4 = 0. What is the tens digit of 2*z*3/(-12)?
2
Let t = -11 - -19. Let l be -2*(-6)/t*2. Suppose -4*q = l*i - 28, -1 = -2*i - 4*q + 23. What is the units digit of i?
4
Suppose -4*y = -4*g - 24, 4*y + 3*g - 24 = g. Let c(v) be the first derivative of -v**2/2 + 12*v - 1. What is the units digit of c(y)?
6
Let u be (-2)/3 - 295/(-15). Suppose -u = -n + 20. What is the tens digit of n?
3
What is the tens digit of 2142/77 - 4/(-22)?
2
Suppose -8*b = -10*b + 3*p + 409, -4*b = -p - 813. What is the units digit of b?
3
What is the units digit of 68*(4/(-2) - -3)?
8
Let r be (2 + 1 - 1) + 3. Let n = 6 - r. What is the units digit of n?
1
What is the units digit of 64/6*(-9)/(-6)?
6
Let d = -2 - -1. Let p = d - -10. What is the units digit of p?
9
Suppose 12 = 3*v - 5*h, 3*v - 15 = -0*v + 4*h. What is the units digit of v?
9
Suppose -90 = 2*a - 7*a. What is the tens digit of a?
1
Let l be (-2)/(-3) - 39/(-9). Suppose 2*q = 6*q - x - 57, -l*q + 2*x = -72. What is the units digit of q?
4
Suppose b = -3*m + 743, -5*m - 3*b = -760 - 481. What is the hundreds digit of m?
2
Suppose -3*h = -4*b + 38, -2*b + 37 - 11 = -5*h. Let n = 14 - b. Let x(t) = t**3 - 7*t**2 + 9*t - 6. What is the tens digit of x(n)?
1
Let y(k) = 2*k - 8. Let x = 23 - 10. Suppose -4*b = -5*i - 2*b + 43, 5*b = -i - x. What is the units digit of y(i)?
6
Suppose k = -3*l + 60, 4*l + 224 = 3*k + 2*l. What is the tens digit of k?
7
Suppose 3*b - 14 = 16. Let w(c) = c - 8. Let r be w(b). What is the units digit of r + 1/2*6?
5
Let v be 8/(-10) + (-322)/10. What is the units digit of ((-10)/(-2))/((-3)/v)?
5
Suppose 4*v + 8 = -4*c, -2*c - 24 = -5*c + 3*v. Let o = c - 3. Let s(k) = -k**2 - k + 5. What is the units digit of s(o)?
5
Let j = -5 - -16. Suppose -2*h + j + 17 = 0. What is the units digit of h?
4
Suppose -3*s + 4*s + 5*n - 51 = 0, -5*n = -2*s + 42. What is the tens digit of s?
3
Let m = 0 - -5. Let y = 8 - m. What is the units digit of y?
3
Let d be ((-20)/3)/(2/(-6)). Let s = 36 - d. What is the tens digit of s?
1
Let k = 20 + -170. What is the tens digit of (2/5)/((-5)/k)?
1
Let x be (-63)/(-6) + (-9)/6. Let s = x - 5. Suppose j - 3 = 0, j + s = 5*f - 38. What is the units digit of f?
9
What is the units digit of 708/9 - ((-1)/3)/1?
9
Let m(b) = -4*b + 2*b**2 - 5 - 2 - b**2. What is the units digit of m(6)?
5
Let g(u) be the first derivative of u**3/3 - u**2/2 - 3*u + 3. What is the units digit of g(3)?
3
Let n = -8 + 7. Let v = 4 - n. Suppose 4*t - 34 = -2*z, 2*t - t - v*z - 14 = 0. What is the units digit of t?
9
Suppose 3*d = -0*d - 3, 0 = 2*g - d - 23. What is the tens digit of g?
1
Let g(a) = -a + 9. Let n be g(5). Suppose -n*w + 2*y + 40 = 0, -50 = -5*w + 2*y + y. What is the units digit of w?
0
Suppose 0 = c + 4*q + 26, q - 3*q - 10 = 0. Let a be (-1)/3*1*c. Suppose 3*u + a*u = 20. What is the units digit of u?
4
Let y(t) = -1 - 2*t - 2*t + 5 - 5. What is the units digit of y(-7)?
7
Let z(l) = -2*l**3 + 3*l**2 + 2*l + 3. What is the units digit of z(-2)?
7
Let h(f) = -f**3 - 5*f**2 - f + 2. What is the tens digit of h(-6)?
4
Let o be ((-15)/(-5))/(2/2). Suppose -o*l + 0 = -18. Suppose -3*